+ 3*r - 1. Let n(v) = -5*v**3 + v - 1. Let i(s) = -3*l(s) + 5*n(s). Determine i(u).
-17
Let f(w) = -2*w**3 - 3*w**2 - w - 2. Let h = -29 + 30. Let n be (-11 + 15)*2*h/(-4). Determine f(n).
4
Suppose 5*a + 21*a - 130 = 0. Let w(s) = s - 9. Calculate w(a).
-4
Let g be (2/(-4))/(1/10). Let m(d) = -2*d - 9. Determine m(g).
1
Let q(p) = p**2 + 4*p - 4. Suppose -2*g + 4*f + 18 = 74, 108 = -4*g + 4*f. Let a = 20 + g. Give q(a).
8
Let q(x) = 25*x - 41*x - x**2 + 0*x - 14. What is q(-16)?
-14
Let h = 98 - 68. Let r be 6/(-8) - h/(-8). Let s(l) be the third derivative of -l**4/6 + l**3/3 - l**2. Give s(r).
-10
Let g(k) = -3*k + 6. Let d = 7 + -3. Suppose -5*a = -h + 16 - 2, 3*h = -d*a + 4. Give g(h).
-6
Let w(t) = 11*t**2 - 27*t + 27. Let u(a) = 4*a**2 - 9*a + 9. Let b(i) = 8*u(i) - 3*w(i). Let h be b(7). Let g(o) = -3*o + 5. What is g(h)?
-10
Let r(n) be the second derivative of -10*n + 7/2*n**2 + 1/3*n**3 - 1/12*n**4 + 0. Determine r(6).
-17
Let k be ((-7 - -7)/((-2)/1))/(-1). Let v(x) = 2027 - 2030 + 4*x + k*x. Suppose -3 = -z - 0*z. What is v(z)?
9
Suppose 19*q = 13*q + 18. Let d(g) = -14*g - 1. Give d(q).
-43
Let m(h) = 2*h - 3. Let n be m(2). Let g be 16 + n + -4 - 3. Let v = -4 + g. Let s(w) = -w**3 + 7*w**2 - 7*w + 4. Give s(v).
-2
Let l(u) = u**2 + 4*u + 1. Suppose -5*q + 4 + 16 = 0. Suppose -5*y + 5*k + 3 = -q*y, -5 = y + 3*k. Calculate l(y).
-3
Let s be (-12)/9*(-45)/(-10). Let v(y) = -y**2 - 6*y + 6. Let l be v(s). Let x(u) = u**3 - 6*u**2 + u - 7. What is x(l)?
-1
Suppose -3*p + 5*c - c = -9, -2*p = 2*c - 6. Let k(a) = 1 - 5 + 2 + a**p - 1 + a. Determine k(0).
-3
Let d(h) = 2*h**2 + 4*h + 6. Let s be d(-3). Let g = 11 + -9. Suppose -2*r + s = -g. Let z(a) = 3*a - 7. Determine z(r).
14
Let m(z) = -z**3 + 4*z**2 - 3*z + 7. Suppose 0 = -10*y - 13*y + 92. What is m(y)?
-5
Let k(y) = y**2 + y + 2. Suppose -2*f = -3*f + 6. Suppose f = -9*l + 12*l. Let a be (-15)/6*l - -2. Give k(a).
8
Let r(o) be the third derivative of -o**5/60 + o**4/6 - o**3/3 - 4*o**2. Suppose 0 = 28*m - 82 - 30. Calculate r(m).
-2
Let n(m) be the third derivative of -m**9/30240 + m**7/2520 - m**6/720 + 7*m**5/30 + 14*m**2. Let c(z) be the third derivative of n(z). Determine c(-2).
11
Let a(f) = -f - 1. Let q = 2 - 0. Let l(z) = -6 - 9*z**2 - q*z**3 + 3*z**2 + z**3 + 1 - z. Let g be l(-6). What is a(g)?
-2
Let a = -738 + 745. Let g(t) = t**2 - 6*t - 10. Give g(a).
-3
Let u be (-5)/(10/(-6)) + -2. Let w(r) = 4*r - 8*r + 6*r + u. Suppose 4*f - 16*f - 84 = 0. Calculate w(f).
-13
Let o(y) = 12*y**3 + 3*y**2 - y - 3. Let r be o(1). Let b(x) = -x + 5. Calculate b(r).
-6
Let s(l) be the first derivative of -l**2/2 + 10*l + 30. What is s(8)?
2
Let l(v) = -16*v + 15*v - v**2 + 4*v. What is l(4)?
-4
Let r be ((-4)/(-8)*-2 - -3)*5. Let c(z) = z**2 - 10*z - 8. What is c(r)?
-8
Let l(c) be the first derivative of c**2 + 8*c + 46. What is l(6)?
20
Let o(y) = -y**2 + 17*y - 5. Let n = 514 - 514. Determine o(n).
-5
Suppose 0 = -y + 3*r - 14, -3*r = 3*y - 6*r. Let v(b) be the second derivative of b**4/12 - 7*b**3/6 + 5*b**2/2 + b. What is v(y)?
5
Let m(h) = -2*h**3 - 3*h**2 - 2*h - 2. Let u = 149 - 151. What is m(u)?
6
Let u(v) be the first derivative of 0*v + 0*v**2 + 11/4*v**4 - 17 + 1/3*v**3. Determine u(-1).
-10
Let z(j) = j + 2. Suppose 7 = -4*s - 9. Let b be (s/(-3))/(6/(-9)). What is z(b)?
0
Let k be (28/(-12) + 1)*(-3)/(-2). Let q(a) = 4*a - 1. Calculate q(k).
-9
Let o(u) be the first derivative of -u**4 - 7*u**3/3 - 2*u**2 - 4*u - 17. Let k(d) = -9*d**3 - 14*d**2 - 9*d - 8. Let x(y) = -3*k(y) + 7*o(y). Calculate x(-7).
3
Suppose -10 = r - 2*s + 7*s, 3*r + 2*s - 9 = 0. Suppose a + 3*k + 2 = 5, r*k = 2*a - 17. Let y(n) = -2*n**2 + n**2 + 5*n + 0*n**2. Calculate y(a).
-6
Let z(k) = -k**3 + 7*k**2 + 2*k - 14. Let c(l) = l**3 - 54*l**2 - 53*l - 104. Let y be c(55). Give z(y).
34
Suppose -20 = -2*u - 84. Let j = -26 - u. Let v(h) = -h**2 + 7*h - 7. What is v(j)?
-1
Let k(g) = g**3 - 7*g**2 + 13*g + 1. Let x be 5*8/15*12/8. Give k(x).
5
Let f(u) = 705*u**3 - 6*u**2 + 0*u - 704*u**3 - 3*u**2 + 7*u - 4. Give f(8).
-12
Let d(v) = v**3 - 5*v**2 + 2. Let p(o) = 16*o**2 + 4*o**3 - 15*o**3 - 6 + 7*o**3. Let n(f) = 7*d(f) + 2*p(f). Give n(-3).
2
Let z = -14 - -17. Let i(o) = 6 + 0*o + o - 2 - z. Give i(3).
4
Let b be (-85)/(-25) + -4 + 6/(-15). Let z(w) = 3*w**2 - 2*w**2 - 9*w**2 + 3*w**2 - 1. What is z(b)?
-6
Suppose 5*a + 4*h = 31, 14*h - 11*h + 17 = 2*a. Let j = 4 - 2. Let w(o) = 3*o + 0 - o**2 + j*o + 10. Determine w(a).
-4
Let n(q) be the first derivative of 0*q - q**2 - 5/6*q**3 + 2 + 1/6*q**4 + 1/60*q**5. Let p(j) be the second derivative of n(j). Give p(-4).
-5
Let k(r) = -r**3 - 7*r**2 - 5*r + 3. Suppose 8 = -0*m - m + 5*c, -3*c = -5*m - 84. Let g = m - -25. Suppose -3*i - 3*s = 33, -s + 25 = 2*i - g*i. What is k(i)?
-3
Let c(s) = -3*s + 2. Let h(j) = 15*j - 10. Let i(m) = -11*c(m) - 2*h(m). Let x be i(3). Let g(q) = q - 9. Determine g(x).
-2
Let w be (-2)/(-6 - 0) - (-1729)/(-57). Let s be (w/(-6))/(-5) - 0. Let i(y) = 18*y**2 - 2*y - 1. Calculate i(s).
19
Let l = -13 - -4. Let r(z) = -z - 7. Let m be r(l). Let s(n) = -n**3 + n - 1. Let q(g) = -2*g**3 - g**2 + 2*g - 2. Let t(i) = q(i) - 3*s(i). Calculate t(m).
3
Let f(t) = -1 - 18*t + 17*t + t - 19*t**2 + 53*t**2. What is f(-1)?
33
Let h(d) = -3*d**2 - 23*d + 68. Let s be h(-10). Let u(w) = -3*w + 3. Calculate u(s).
9
Let s(z) = -z. Suppose -4*t + 4*y + 13 = -3, 0 = y + 1. Suppose 0 = -0*o - 4*o - 5*d - 11, -5*d + 17 = -t*o. What is s(o)?
4
Let a(c) be the second derivative of c**3/3 + 5*c**2 + 242*c. What is a(-8)?
-6
Let i(f) = -f**3 + f**2 + f + 1. Let p(r) = 2*r**3 + 4*r**2 - 8*r - 7. Let a(t) = 3*i(t) + p(t). Suppose 42 = 3*q + 4*q. Give a(q).
2
Let u(v) be the first derivative of v**4/4 + 5*v**3 - 15*v**2/2 + 20*v - 144. Calculate u(-16).
4
Let d(p) be the second derivative of 3/2*p**2 + 1/6*p**3 + 2*p + 0. Let u be d(-5). Let l(m) = -4*m**2 - 3*m - 2. Determine l(u).
-12
Let z(b) = -2*b**3 + 25*b**2 - 19*b - 11. Let l(v) = v**3 - 12*v**2 + 10*v + 5. Let p(r) = -7*l(r) - 3*z(r). What is p(7)?
5
Let d(u) be the second derivative of u**5/120 - 5*u**4/24 + 19*u**3/6 + 18*u. Let n(p) be the second derivative of d(p). What is n(9)?
4
Suppose 0 = 4*g - 9 + 21. Let u(o) be the third derivative of -o**4/24 - 2*o**3/3 + 14*o**2. What is u(g)?
-1
Suppose p - 1 = 3*v - 7, -v = 4*p - 2. Suppose -a + 5*q - 1 = v*q, 0 = -a + 4*q - 2. Let h(i) = i - 2 - 4*i + a*i - 3. Determine h(-3).
-2
Let x(i) = -i**3 - 8*i**2 - 8*i - 8. Let s be x(-7). Let q(j) = 19*j**2 + 1. Determine q(s).
20
Let p(u) = -11593*u - 6*u**2 + 11590*u + 4*u**2 + 3*u**2. Let d be 24/(-10)*(-10)/2. Suppose 3*n - d = -3*o + 2*n, 0 = 3*o - 2*n - 3. What is p(o)?
0
Let t(j) = 162 - 2*j - 46 - 108. Give t(-7).
22
Let s = 173 - 175. Let y(g) = -g**3 - 5*g**2 - 3*g - 5. Determine y(s).
-11
Let w(t) be the third derivative of 13/6*t**3 - 3/20*t**5 - 4*t**2 - 1/120*t**6 + 0*t + 1/12*t**4 + 0. What is w(-9)?
-5
Let t = 911 - 917. Let m(p) = -p**3 - 5*p**2 + 8*p + 6. Give m(t).
-6
Let u(m) = -16*m**2 + 1. Let p = 478 - 477. Give u(p).
-15
Let v(t) = t**3 - 6*t**2 - 2*t + 9. Let l = -34 + 27. Let c = l + 13. Determine v(c).
-3
Let t(h) = -3*h - 4. Let f be 12*-10*3/6. Let n be 24/f*-1*5. Suppose -4*m = 2*q + 22, -m - 3*q = -n*q + 5. What is t(m)?
14
Let v(w) = -3*w. Let m be 33/4 + (-8)/32. Give v(m).
-24
Let j = 82 + -74. Let p be (45/60)/(((-2)/j)/1). Let f(m) = m**3 + m**2 - 2*m + 2. Determine f(p).
-10
Let b be 6/1 + -1 + 0. Let k(q) = 3*q - 14. Let r(c) = -5*c + 1. Let v(i) = -i - 1. Let x(a) = -r(a) + 4*v(a). Let j(h) = -3*k(h) + 8*x(h). Calculate j(b).
-3
Let c(w) = -12*w + 13*w + 38 + 28 - 83. Calculate c(7).
-10
Let q be (-7 - -2)/(1/1). Let y(i) = 4*i + 6. What is y(q)?
-14
Let u(g) = 23*g - 16*g - 4 + 2. Let p(n) = -n**3 + 2*n**2 + 2*n + 5. Let d be p(3). Determine u(d).
12
Let a(p) = -p + 1. Let l(x) = -4*x. Suppose -2*j - 2*g = -5*g + 8, 0 = 2*j + 5*g - 8. Let f(k) = j*l(k) + 3*a(k). Give f(-4).
-1
Let t(c) = -c**2 + 6*c - 2. Let r(s) = 2*s**2 + s - 1. Suppose 0*u - x + 13 = -4*u, -2*u - 2*x = -6. Let o be r(u). Calculate t(o).
3
Let h(j) = -j**3 - 4*j**2 + j - 3. Let v be 0 + (8/(-20))/((-1)/(-10)). Calculate h(v).
-7
Let v(y) = -13*y - 5. Let f(c) = 30*c + 8. Let q(j) = 3